{"id":23,"date":"2012-06-01T12:09:11","date_gmt":"2012-06-01T12:09:11","guid":{"rendered":"http:\/\/dahlstrom.buster.se\/?page_id=23"},"modified":"2026-03-05T12:40:14","modified_gmt":"2026-03-05T11:40:14","slug":"kontakt","status":"publish","type":"page","link":"https:\/\/dahlstroms.nu\/?page_id=23","title":{"rendered":"Kontakta oss"},"content":{"rendered":"\n<div class=\"wp-block-columns\">\n<div class=\"wp-block-column\">\n<p><\/p>\n\n\n\n<h4 id=\"block-9261292c-0aa3-41e3-8d72-a876b5fdee33\"><strong>Lars Dahlstr\u00f6m<\/strong><\/h4>\n\n\n\n<p id=\"block-3c023388-b289-4eca-9347-2069279cdf5f\"><a href=\"mailto:lars@dahlstroms.se\">lars@dahlstroms.se<\/a><\/p>\n\n\n\n<h4 id=\"block-3b9fce13-9bd1-4db6-a548-3e2c24f8b6db\"><strong>Per Elvin<\/strong><\/h4>\n\n\n\n<p id=\"block-c1c39017-6a65-4874-832f-4267e84c0a83\"><a href=\"mailto:per@dahlstroms.se\">per@dahlstroms.se<\/a><\/p>\n\n\n\n<h4 id=\"block-c87c748b-2449-405d-add0-26608c56b1ba\"><strong>Sara Myhre Dahlstr\u00f6m<\/strong><\/h4>\n\n\n\n<p id=\"block-dabf2877-d781-4bce-8a99-7ed0a9ab7861\"><a href=\"mailto:sara@dahlstroms.se\">sara@dahlstroms.se<\/a><\/p>\n\n\n\n<p><\/p>\n<\/div>\n\n\n\n<div class=\"wp-block-column\">\n<p><\/p>\n\n\n\n<h3 id=\"block-6e29c897-e015-460a-8824-f95258fe3e0a\"><strong>post &amp; bes\u00f6k<\/strong><\/h3>\n\n\n\n<p id=\"block-a5fe10c4-b0d8-4c29-90d2-8b49203bfc4f\">Ruskv\u00e4dersgatan 22<br>418 34 G\u00f6teborg<br>\ufeff<\/p>\n\n\n\n<h3 id=\"block-f8406fcb-6f22-4feb-827c-45153c13d5ed\"><strong>faktura<\/strong><\/h3>\n\n\n\n<p id=\"block-4aa1148d-6fa2-44ef-8e0b-d5f4542aebce\">faktura@dahlstroms.se<br>\ufeff<\/p>\n\n\n\n<h3 id=\"block-5d1b6e51-40fa-48e3-9904-90c70be36a2c\"><\/h3>\n\n\n\n<p><\/p>\n<\/div>\n<\/div>\n\n\n\n<p><\/p>\n","protected":false},"excerpt":{"rendered":"<p>Lars Dahlstr\u00f6m lars@dahlstroms.se Per Elvin per@dahlstroms.se Sara Myhre Dahlstr\u00f6m sara@dahlstroms.se post &amp; bes\u00f6k Ruskv\u00e4dersgatan 22418 34 G\u00f6teborg\ufeff faktura faktura@dahlstroms.se\ufeff<\/p>\n","protected":false},"author":1,"featured_media":0,"parent":0,"menu_order":0,"comment_status":"closed","ping_status":"open","template":"","meta":[],"_links":{"self":[{"href":"https:\/\/dahlstroms.nu\/index.php?rest_route=\/wp\/v2\/pages\/23"}],"collection":[{"href":"https:\/\/dahlstroms.nu\/index.php?rest_route=\/wp\/v2\/pages"}],"about":[{"href":"https:\/\/dahlstroms.nu\/index.php?rest_route=\/wp\/v2\/types\/page"}],"author":[{"embeddable":true,"href":"https:\/\/dahlstroms.nu\/index.php?rest_route=\/wp\/v2\/users\/1"}],"replies":[{"embeddable":true,"href":"https:\/\/dahlstroms.nu\/index.php?rest_route=%2Fwp%2Fv2%2Fcomments&post=23"}],"version-history":[{"count":49,"href":"https:\/\/dahlstroms.nu\/index.php?rest_route=\/wp\/v2\/pages\/23\/revisions"}],"predecessor-version":[{"id":2845,"href":"https:\/\/dahlstroms.nu\/index.php?rest_route=\/wp\/v2\/pages\/23\/revisions\/2845"}],"wp:attachment":[{"href":"https:\/\/dahlstroms.nu\/index.php?rest_route=%2Fwp%2Fv2%2Fmedia&parent=23"}],"curies":[{"name":"wp","href":"https:\/\/api.w.org\/{rel}","templated":true}]}}